). Suppose -2*n + 2183 - 825 = 4*f, -1017 = -3*f - m*n. Suppose 0 = -5*p + 1124 + f. Is p composite?
False
Let h(f) = 9*f**3 - 7*f**2 - 5*f + 18. Is h(5) prime?
False
Let l = 167 - 80. Is l a prime number?
False
Let d(g) be the first derivative of -12*g**2 + 0 - 2*g**2 + 4 + 0*g - 5*g. Is d(-7) composite?
False
Let s = 953 + -279. Is s a prime number?
False
Suppose -5*b + 21 = 6. Suppose -2*n = -5*x + 54, b*x - 4*x = n - 8. Is 4/10 - (-376)/x prime?
False
Let u = 929 + -260. Suppose -u = -3*p - 0*p. Is p prime?
True
Is (-3)/12 - 1211/(-28) prime?
True
Let u = -8 + 5. Let i(s) = -2*s**3 + 5. Let d(t) = t**3 + t**2 + t - 1. Let z(k) = u*d(k) - i(k). Is z(-3) prime?
True
Suppose -2*b - i + 259 = 0, -i = -4*b - 4*i + 515. Is b composite?
False
Let s(o) = -1668*o + 5. Is s(-1) prime?
False
Let l = 4 - 9. Let o(y) = -30*y - 6. Let z be o(l). Let n = 41 + z. Is n prime?
False
Let a(w) = -5*w - 1. Let z be a(-1). Let u = z + -6. Is -2 + 0 - (u - 23) composite?
False
Suppose -16 = -2*p - 6. Suppose -5*b - 95 = -3*g, -p*g - b - b + 179 = 0. Suppose -g = -h + 32. Is h a composite number?
False
Let u(g) = -g**3 + 3*g**2 + 4*g + 5. Let b be u(4). Is 637/5 + (-2)/b prime?
True
Suppose 0 = -4*m + 4*z + 20, -m + 5 = 2*m + 2*z. Suppose 7*k - 173 = -m*v + 3*k, 3*k = -5*v + 270. Is v a composite number?
True
Let p be (-4666)/((0 + -2)/(-2)). Is 20/(-90) + p/(-18) a composite number?
True
Suppose 5*q - 37 = 5*x + 18, -2*q = -4*x - 28. Suppose -h = -5*h + q. Suppose -h*t + 30 = 8. Is t a prime number?
True
Suppose -3*x - 2*s - 706 + 2970 = 0, -2*x + 1496 = 4*s. Is x composite?
True
Let z(x) = -x - 228. Let g be z(0). Let w = g + 383. Is w a prime number?
False
Let j = 3214 - 2295. Is j prime?
True
Let p = -2 - 0. Let c(f) = -315*f + 3. Is c(p) prime?
False
Suppose -q + 4*d = -3*q + 82, -20 = -4*d. Let v be 7/(-42) + q/6. Suppose 0 = b - v*b + 308. Is b a prime number?
False
Let w = 21 - 2. Is w a composite number?
False
Suppose 0 = 5*h + 2*g - 1327, 0*h - 4*h + 2*g = -1076. Is h composite?
True
Let u(y) = -y**3 + 7*y**2 + 4*y - 7. Let b(z) = -z**3 - 6*z**2 - 4*z - 9. Let q be b(-6). Let c = -9 + q. Is u(c) prime?
True
Let q(o) = -o**3 + 5*o**2 + 6*o + 3. Let r be q(5). Suppose -9 = -2*c + r. Is c prime?
False
Suppose -2*t = 4*w - 26, -2*w = 2*t - 10 - 6. Suppose -2*m = t*m - 195. Is m composite?
True
Let h(o) = -59*o - 3. Let p be -3 - ((-4)/2 - -1). Is h(p) a composite number?
True
Let x = 24 + 12. Let z = 22 - x. Let s = 24 + z. Is s a prime number?
False
Let g = -941 - -1680. Is g a prime number?
True
Let l(d) be the second derivative of -d**5/5 - d**4/12 - d**3/2 - d**2/2 + d. Is l(-2) prime?
False
Suppose -g - 2 = -66. Let o = g - 11. Is o a composite number?
False
Suppose -3*s + g + 1787 = -4*g, 2*g + 1802 = 3*s. Let c = -351 + s. Is c a prime number?
False
Let r(k) = 581*k - 11. Is r(2) a composite number?
False
Is (-152)/(-40)*(6 + -1) composite?
False
Suppose 6 = b + m, 4*b = -0*b - 2*m + 14. Let s be (-4 - -3)*-17*b. Let c = 20 + s. Is c a composite number?
False
Suppose -4*g = 5*c - 26, 0 = c + c - 4*g + 12. Suppose 3*t + 6*j - 151 = 2*j, 108 = c*t - j. Is t prime?
True
Suppose j + 211 = 2*j. Is j a composite number?
False
Let k be (795/10)/((-3)/(-24)). Suppose -3*r - r + k = 0. Is r prime?
False
Suppose 2*f - 126 = 2*b, -2*f - 3*f + 4*b + 319 = 0. Is f a composite number?
False
Let v = 10606 + -7217. Is v a prime number?
True
Let r = 55 - -22. Is r a prime number?
False
Let j(n) = -73*n**2 - 2*n + 2. Let k be j(-2). Let s be 5/(-5) - k/2. Suppose i + s = 3*i. Is i a composite number?
False
Let q(v) = v**2 + 6*v - 3. Let z be q(5). Suppose 0 = 4*i - 0*i - z. Is i composite?
False
Let n = 42 - 27. Let c be 5*(-2 + 144/n). Suppose -5*k = -87 - c. Is k composite?
True
Let q(h) = h. Let z be q(2). Suppose 0 = -z*r + 65 - 19. Is r composite?
False
Let w be (0 + 2/(-4))*-50. Let s = 52 + w. Is s composite?
True
Let z(v) = -v**3 + 8*v**2 + 3*v + 1. Let b be z(8). Let g be (b/(-20))/(1/4). Let p = 12 + g. Is p a composite number?
False
Suppose 11257 = 4*p - y, -5*p + 5*y = -2*p - 8464. Is p composite?
True
Let j = 377 + -74. Is j prime?
False
Is 4/8 - (-1537)/2 a composite number?
False
Suppose 2*y - 3*y = -2. Let i = 5 + y. Is (-206)/2*(i - 8) prime?
True
Let n be ((-29)/2)/((-1)/10). Let q = 344 - n. Is q a prime number?
True
Let b(a) be the third derivative of 7*a**5/120 + 5*a**4/12 - a**3/6 - 4*a**2. Let k(j) be the first derivative of b(j). Is k(11) a prime number?
False
Suppose 3*s - 427 = 32. Let p = s - 24. Is p a composite number?
True
Let x be (-5)/(-1)*(-9)/(-15). Suppose 0*y - 99 = -x*y. Is y prime?
False
Is 8/3*83244/112 a composite number?
True
Suppose 0*i + 127 = i. Is i prime?
True
Let w be (-77 - (-4 - -5)) + 3. Let h = 128 + w. Is h a prime number?
True
Suppose -682 = 11*z - 4411. Is z a prime number?
False
Let h = 13 - 9. Suppose 0 = 5*i + h*c + 61, -c + 4*c = -12. Is (-3)/2*156/i a prime number?
False
Suppose -3*w = -w + 6. Is (-1)/(w/49)*3 prime?
False
Suppose 0 = 26*g - 22*g - 220. Is g composite?
True
Let z = 45 + 22. Is z prime?
True
Suppose 2*b - 1 = -5, -2*b = -3*n + 1726. Suppose -z = z - n. Is z composite?
True
Let q(u) = u**3 - 3*u**2 + 2*u - 2. Let f be q(2). Let h(k) be the second derivative of 5*k**4/6 + k**3/2 + 3*k**2/2 - k. Is h(f) prime?
True
Is 1177 + (25/(-5) - -9) a composite number?
False
Let p = -243 - -434. Is p a prime number?
True
Let l(h) = -h**3 + 2*h**2 - h + 1. Is l(-3) a prime number?
False
Let m(z) = -159*z**3 + z**2 - z - 1. Is m(-2) a composite number?
False
Let w(z) = -z**2 - 9*z - 5. Let s(u) = -u**2 + 9*u - 9. Let t be s(6). Suppose -15 - t = 4*r. Is w(r) a composite number?
False
Suppose -173 = -h - 39. Is h composite?
True
Let l = -47 + 25. Suppose 5*m - 7 - 126 = -2*h, 4*m = -2*h + 130. Let d = l + h. Is d prime?
True
Suppose -4*o + 1 + 15 = 0. Suppose -a + 26 = 2*u, a - o*u - 6 = 14. Suppose -b + 25 = -a. Is b composite?
True
Let l(n) = -n**3 + n**2 - n + 1. Let q(y) = 4*y**3 + 5*y**2 - 6. Let w(p) = -3*l(p) - q(p). Is w(-9) prime?
False
Suppose 2*d + d = -936. Let v = 165 + d. Is (-4)/((-48)/v)*-4 a prime number?
False
Suppose 4 = -h + 6. Suppose h = -v + 6. Suppose -v*l = -0*l - 76. Is l a composite number?
False
Suppose -4*r - p + 11 = -25, -2*p = -5*r + 45. Let c be (4/(12/(-15)))/(-1). Let i = c + r. Is i composite?
True
Let x = -6 + 37. Is x a prime number?
True
Let r be (-76)/(-10)*(1 + 4). Let t = 71 - r. Is t prime?
False
Let n(x) = 388*x - 9. Is n(4) a composite number?
False
Suppose 3*q + 507 = 1866. Is q a prime number?
False
Suppose -5*t + 1700 - 25 = 0. Suppose -2*p + 1353 = t. Is p a composite number?
False
Let t be 1/(4/8 + 0). Is (t + 1)*291/9 composite?
False
Let f = -11 - -9. Let c(r) = -24*r**3 + r**2 + 4*r + 3. Is c(f) a composite number?
False
Let y = 31 - 70. Let m = -20 - y. Is m a composite number?
False
Suppose 0*n + 2*n - 985 = b, -6 = 2*b. Is n composite?
False
Let k be 7/(14/1192) - -2. Let l = 1279 - k. Is l prime?
False
Suppose 0*i + 6476 = 4*i. Is i a prime number?
True
Let s(p) = -3*p - 4. Let m be s(-3). Suppose -4*t + 1592 = 4*d, d - m*t = -t + 383. Is d a prime number?
False
Suppose 4*i - 5*i = -237. Is i a composite number?
True
Is 593 - (3/6)/((-5)/40) prime?
False
Let d(q) = q**3 + 5*q**2 + 4*q + 6. Let o be d(-5). Let t be 8/3*(-21)/o. Suppose -5*s + n = -3*n - 1107, 4*s - t*n - 884 = 0. Is s a composite number?
False
Suppose 0 = -5*a + 4*a - 1. Is ((-4)/((-4)/(-141)))/a composite?
True
Suppose a = 5*x + 2787, -2*a - 5*x = 2213 - 7727. Is a a composite number?
False
Let m(s) = -2 + 24*s + 7*s + 17*s + 35*s. Is m(3) composite?
True
Let f(m) = -m**3 + 24*m**2 - 4*m - 17. Is f(10) composite?
True
Suppose -n + 5*y = -284, 2*y + 221 = 2*n - 371. Is n composite?
True
Let x = 139 - -64. Is x a composite number?
True
Let s(q) = q + 3. Let y be s(0). Suppose -y*t - 139 + 412 = 0. Is t a prime number?
False
Let p(n) be the first derivative of 11*n**6/120 + n**4/24 - n**3/6 + n**2 - 2. Let g(o) be the second derivative of p(o). Is g(1) a composite number?
False
Let c be (2 - 2) + (-4)/(-2). Suppose -x + 0*i = -3*i - 13, -c*i = 6. Is (-8)/(-10)*310/x a prime number?
False
Let h(c) = -c**2 + c + 1. Let t(r) = -39*r**2 - 6. Let x(k) = -4*h(k) - t(k). Is x(2) prime?
False
